70350841 a composite number?
False
Is 34625806027 composite?
True
Is 1388657651 composite?
True
Is 48836201 a prime number?
False
Is 1056554203 a composite number?
True
Is 58376191942 composite?
True
Is 4827587899 prime?
True
Is 13437598249 a composite number?
True
Is 24234656773 prime?
False
Is 145389635141 a prime number?
False
Is 52908371993 composite?
False
Is 5208300319 a composite number?
True
Is 17299608139 a composite number?
True
Is 396189803 a prime number?
False
Is 8703735169 prime?
False
Is 133253293 composite?
True
Is 92698274591 a composite number?
True
Is 132207152213 prime?
False
Is 379167829 composite?
True
Is 257847989 a prime number?
False
Is 81465577909 composite?
False
Is 304495905853 prime?
False
Is 1357891097 a prime number?
False
Is 70286724817 composite?
False
Is 674621231 a prime number?
True
Is 313670726 a prime number?
False
Is 702049151 prime?
True
Is 276820949 a composite number?
False
Is 10984584313 composite?
False
Is 42135016927 prime?
True
Is 86554927387 prime?
False
Is 6578798753 prime?
True
Is 765427627 a composite number?
False
Is 75518040881 composite?
True
Is 15376389397 a prime number?
False
Is 198142261 a prime number?
True
Is 959265913 prime?
True
Is 3900587 a composite number?
True
Is 53250920243 a composite number?
False
Is 29228407093 prime?
True
Is 2381224007 a composite number?
False
Is 5909403803 a prime number?
True
Is 1583480047 a prime number?
False
Is 484492049 composite?
False
Is 57454389613 prime?
False
Is 634419811 a prime number?
False
Is 1856982431 a prime number?
False
Is 36205769 prime?
False
Is 721280818 a composite number?
True
Is 200132009317 a composite number?
True
Is 15917354317 a composite number?
False
Is 22755720479 a composite number?
False
Is 1697522459 composite?
True
Is 736357 prime?
True
Is 393496617 a prime number?
False
Is 236824451 a composite number?
False
Is 135948737 a prime number?
False
Is 89374720733 a composite number?
False
Is 8484277717 composite?
True
Is 32653184279 prime?
False
Is 414894589 a composite number?
False
Is 66625588669 a composite number?
True
Is 51327709571 a composite number?
False
Is 2517167293 a composite number?
True
Is 5925931051 a composite number?
True
Is 3368585141 a prime number?
True
Is 18604994035 composite?
True
Is 28720020281 a prime number?
False
Is 46243176901 a composite number?
False
Is 30964930801 prime?
False
Is 31233507457 a prime number?
False
Is 7334811337 a composite number?
True
Is 35956832711 a prime number?
True
Is 775787899 a composite number?
False
Is 17105158219 a composite number?
True
Is 981276589 a composite number?
False
Is 7119145273 a composite number?
False
Is 2960901913 a prime number?
False
Is 268315037 a prime number?
False
Is 243979663 a composite number?
False
Is 27165992219 prime?
True
Is 85762816141 a composite number?
False
Is 100561596173 prime?
True
Is 28533026341 a composite number?
False
Is 518114711 a prime number?
False
Is 111182147 a prime number?
False
Is 1140956249 composite?
False
Is 713878931 a prime number?
False
Is 437760599 prime?
True
Is 668717207 composite?
False
Is 644592899 a prime number?
True
Is 7517319118 a prime number?
False
Is 5074741753 a prime number?
True
Is 18564859471 prime?
True
Is 919308707 a composite number?
False
Is 13742993183 a prime number?
False
Is 2276554937 composite?
False
Is 1358686909 a composite number?
False
Is 15268321 a prime number?
False
Is 9238728299 composite?
True
Is 21320791391 a prime number?
True
Is 114201011 prime?
True
Is 3078338507 prime?
False
Is 1473408779 a prime number?
False
Is 79156390886 prime?
False
Is 244792193 a composite number?
False
Is 414139699 composite?
False
Is 83369292407 prime?
True
Is 579757287 a prime number?
False
Is 526109737 composite?
False
Is 1534183565 a prime number?
False
Is 152050399 prime?
False
Is 2744593759 prime?
True
Is 25809777811 a composite number?
False
Is 861111809 prime?
False
Is 1890399149 a prime number?
True
Is 7465691 a composite number?
True
Is 176036406977 a composite number?
False
Is 147892109 composite?
False
Is 127969759231 a prime number?
False
Is 100489519237 a prime number?
True
Is 1226546759 a prime number?
True
Is 10230192653 a prime number?
True
Is 2615767447 a composite number?
False
Is 30640536271 composite?
True
Is 2859892699 a prime number?
False
Is 1883496653 prime?
True
Is 3630129917 a prime number?
True
Is 86023109167 prime?
False
Is 1054397353 prime?
True
Is 25865113849 composite?
True
Is 32010765331 a composite number?
False
Is 198179348129 composite?
True
Is 6640400729 a prime number?
True
Is 1923713971 prime?
True
Is 31326539021 prime?
True
Is 202794079 a prime number?
True
Is 2134741981 composite?
True
Is 16108169138 composite?
True
Is 12554741761 prime?
True
Is 1813805333 a prime number?
False
Is 12210174167 a prime number?
True
Is 12045413561 prime?
True
Is 1592724797 a composite number?
True
Is 1775863501 composite?
False
Is 5550337979 a prime number?
True
Is 80067522413 prime?
False
Is 134077829 a composite number?
False
Is 1771643033 composite?
False
Is 741894047 a prime number?
False
Is 4935794261 composite?
True
Is 118919377 prime?
False
Is 5202146069 a prime number?
True
Is 7660462897 composite?
True
Is 509749673 a prime number?
True
Is 14736026057 composite?
False
Is 490951103 a prime number?
True
Is 580679041 a composite number?
False
Is 13837417521 a prime number?
False
Is 228066715679 prime?
False
Is 1465044719 composite?
False
Is 78746301547 a prime number?
False
Is 54718149893 a prime number?
False
Is 358376160239 composite?
False
Is 2682431777 a composite number?
False
Is 8298658741 a composite number?
False
Is 1748175557 prime?
True
Is 131368117 a prime number?
True
Is 7811119819 a composite number?
False
Is 3967999447 a prime number?
True
Is 1005870769 a prime number?
True
Is 129142421 prime?
False
Is 48202674622 composite?
True
Is 102659177 a composite number?
True
Is 11055533623 a prime number?
True
Is 697667077 composite?
False
Is 3469226851 composite?
False
Is 4134765217 composite?
True
Is 2055299849 a prime number?
False
Is 3726959807 composite?
True
Is 3442886929 a composite number?
False
Is 872832937 composite?
False
Is 2870719417 composite?
False
Is 346221181 prime?
True
Is 3454549493 composite?
False
Is 69750111 a composite number?
True
Is 46991657 a composite number?
True
Is 2532921289 a prime number?
True
Is 1216347277 prime?
True
Is 6322527751 a prime number?
False
Is 383021657 prime?
True
Is 34964244383 prime?
True
Is 14023067959 a prime number?
False
Is 20053628807 a prime number?
True
Is 9555505459 a prime number?
False
Is 80676948371 prime?
True
Is 40195053269 prime?
False
Is 5003649053 composite?
True
Is 990830161 prime?
False
Is 1640686679 a prime number?
False
Is 27595290199 prime?
False
Is 6699085039 composite?
False
Is 8824822421 prime?
False
Is 12487488151 composite?
False
Is 1356509926 composite?
True
Is 29529491 a composite number?
True
Is 1198584833 a prime number?
True
Is 8020785881 a prime number?
True
Is 560587871 a prime number?
False
Is 13105999069 prime?
True
Is 100523912749 composite?
True
Is 5245785593 prime?
False
Is 11749209679 a composite number?
False
Is 2963063461 a prime number?
False
Is 334975309 composite?
False
Is 7212999665 a prime number?
False
Is 8933435741 a composite number?
True
Is 15477740549 prime?
False
Is 13685032399 a composite number?
True
Is 232713101 composite?
True
Is 1130579473 a prime number?
False
Is 763214951 prime?
False
Is 3736121287 a composite number?
True
Is 16600752541 composite?
False
Is 5481243907 a composite number?
False
Is 60624593 a prime number?
False
Is 1899982651 composite?
True
Is 66797902033 a prime number?
False
Is 1976935223 prime?
True
Is 4730862067 prime?
False
Is 12662523205 a composite number?
True
Is 12344326667 a composite number?
True
Is 446617843 prime?
False
Is 776772917 composite?
True
Is 2190538267 composite?
True
Is 623059193 prime?
True
Is 227326537 a composite number?
False
Is 7118843821 composite?
False
Is 22328869 a prime number?
False
Is 3521365273 prime?
True
Is 59997780361 a composite number?
False
Is 3589379987 a composite number?
False
Is 1020378697 composite?
True
Is 5001853741 a prime number?
False
Is 27082490803 a prime number?
False
Is 10483986397 a prim